{"id":15,"date":"2016-06-08T15:07:53","date_gmt":"2016-06-08T13:07:53","guid":{"rendered":"http:\/\/ardes-ji.cz\/?page_id=15"},"modified":"2018-08-21T22:25:53","modified_gmt":"2018-08-21T20:25:53","slug":"jidelni-listek","status":"publish","type":"page","link":"https:\/\/ardes-ji.cz\/?page_id=15","title":{"rendered":"Demolice"},"content":{"rendered":"<h6>P\u0159ipravujeme a realizujeme pl\u00e1ny demolic. Prov\u00e1d\u00edme kompletn\u00ed demolice zd\u011bn\u00fdch a betonov\u00fdch konstrukc\u00ed v\u010detn\u011b vy\u010di\u0161t\u011bn\u00ed prostoru od vznikl\u00e9ho odpadu. Odv\u00e1\u017e\u00edme, zpracov\u00e1v\u00e1me a recyklujeme odpad z demolic.<\/h6>\n<h6>Demolice prov\u00e1d\u00edme modern\u00ed a profesion\u00e1ln\u00ed technikou obsluhovanou pro\u0161kolen\u00fdm person\u00e1lem.<\/h6>\n<p>&nbsp;<\/p>\n<p>&nbsp;<\/p>\n<p>&nbsp;<\/p>\n<p>&nbsp;<\/p>\n","protected":false},"excerpt":{"rendered":"<p>P\u0159ipravujeme a realizujeme pl\u00e1ny demolic. Prov\u00e1d\u00edme kompletn\u00ed demolice zd\u011bn\u00fdch a betonov\u00fdch konstrukc\u00ed v\u010detn\u011b vy\u010di\u0161t\u011bn\u00ed prostoru od vznikl\u00e9ho odpadu. Odv\u00e1\u017e\u00edme, zpracov\u00e1v\u00e1me a recyklujeme odpad z demolic. Demolice prov\u00e1d\u00edme modern\u00ed a profesion\u00e1ln\u00ed technikou obsluhovanou<a class=\"moretag\" href=\"https:\/\/ardes-ji.cz\/?page_id=15\">Read More&#8230;<\/a><\/p>\n","protected":false},"author":1,"featured_media":0,"parent":0,"menu_order":0,"comment_status":"closed","ping_status":"open","template":"","meta":[],"_links":{"self":[{"href":"https:\/\/ardes-ji.cz\/index.php?rest_route=\/wp\/v2\/pages\/15"}],"collection":[{"href":"https:\/\/ardes-ji.cz\/index.php?rest_route=\/wp\/v2\/pages"}],"about":[{"href":"https:\/\/ardes-ji.cz\/index.php?rest_route=\/wp\/v2\/types\/page"}],"author":[{"embeddable":true,"href":"https:\/\/ardes-ji.cz\/index.php?rest_route=\/wp\/v2\/users\/1"}],"replies":[{"embeddable":true,"href":"https:\/\/ardes-ji.cz\/index.php?rest_route=%2Fwp%2Fv2%2Fcomments&post=15"}],"version-history":[{"count":13,"href":"https:\/\/ardes-ji.cz\/index.php?rest_route=\/wp\/v2\/pages\/15\/revisions"}],"predecessor-version":[{"id":161,"href":"https:\/\/ardes-ji.cz\/index.php?rest_route=\/wp\/v2\/pages\/15\/revisions\/161"}],"wp:attachment":[{"href":"https:\/\/ardes-ji.cz\/index.php?rest_route=%2Fwp%2Fv2%2Fmedia&parent=15"}],"curies":[{"name":"wp","href":"https:\/\/api.w.org\/{rel}","templated":true}]}}

<h6>Připravujeme a realizujeme plány demolic. Provádíme kompletní demolice zděných a betonových konstrukcí včetně vyčištění prostoru od vzniklého odpadu. Odvážíme, zpracováváme a recyklujeme odpad z demolic.</h6>
<h6>Demolice provádíme moderní a profesionální technikou obsluhovanou proškoleným personálem.</h6>
<p>&nbsp;</p>
<p>&nbsp;</p>
<p>&nbsp;</p>
<p>&nbsp;</p>

<p>Připravujeme a realizujeme plány demolic. Provádíme kompletní demolice zděných a betonových konstrukcí včetně vyčištění prostoru od vzniklého odpadu. Odvážíme, zpracováváme a recyklujeme odpad z demolic. Demolice provádíme moderní a profesionální technikou obsluhovanou<a class="moretag" href="https://ardes-ji.cz/?page_id=15">Read More&#8230;</a></p>
